
Let l(d) = -4*d - 26. Determine l(-6).
-2
Let r(y) = -86*y - 7. Determine r(1).
-93
Let s(h) = h**3 - 4*h**2 - 5*h - 13. Determine s(5).
-13
Let b(n) = 11*n + 44. Calculate b(-5).
-11
Let q(f) = -23*f - 14. Determine q(-1).
9
Let d(i) = i**3 + 8*i**2 + 3*i - 12. Calculate d(-8).
-36
Let d(g) = 18*g + 5. Determine d(-1).
-13
Let m(g) = g**3 + 8*g**2 + 4*g + 2. Calculate m(-6).
50
Let g(n) = -28*n - 2. What is g(2)?
-58
Let i(t) = t**2 - 39*t + 264. Determine i(30).
-6
Let r(u) = u + 3. Calculate r(13).
16
Let b(d) = d**2 + 8*d + 75. Determine b(0).
75
Let b(i) = i**2 + 14*i - 49. Calculate b(-21).
98
Let w(v) = -v**3 + v**2 + 3*v + 3. Determine w(4).
-33
Let k(r) = -r - 3. What is k(4)?
-7
Let i(z) = z**3 + 2*z**2 - 19*z + 12. Give i(-6).
-18
Let w(o) = -2*o**2 - 39*o + 47. Calculate w(-20).
27
Let v(j) = j**3 + 19*j**2 + 32*j - 39. Determine v(-17).
-5
Let m(g) = -4*g**2 + g + 5. Calculate m(3).
-28
Let b(n) = -n**3 + 4*n**2 + 9*n - 5. Calculate b(6).
-23
Let i(l) = -l**3 + 2*l**2 - l + 14. Determine i(0).
14
Let i(g) = -15*g + 100. Calculate i(7).
-5
Let f(i) = -2*i**2 - 11*i + 17. Determine f(-7).
-4
Let k(f) = -f**2 + 24*f + 251. What is k(32)?
-5
Let s(i) = i**2 - 3*i - 3. Give s(3).
-3
Let v(w) = w**3 - 10*w**2 + 9*w - 4. What is v(9)?
-4
Let v(q) = -16*q**2. Calculate v(-1).
-16
Let d(q) = q - 8. Give d(6).
-2
Let k(s) = s**2 + 10*s - 46. What is k(-13)?
-7
Let c(j) = j**3 - 22*j**2 + 19*j + 44. Calculate c(21).
2
Let v(f) = f**3 + 14*f**2 + 17*f + 6. Calculate v(-13).
-46
Let a(i) = i**3 - 11*i**2 + i - 13. What is a(11)?
-2
Let v(w) = -2*w - 3. What is v(-5)?
7
Let y(i) = -i**3 + 6*i**2 - 5*i + 25. Determine y(6).
-5
Let w(u) = -5*u**2 + 10*u + 1. What is w(-5)?
-174
Let j(r) = 14*r + 50. Give j(-4).
-6
Let y(r) = -2*r**2 - 2*r - 6. Determine y(-5).
-46
Let u(w) = 2*w**3 + 16*w**2 + 16*w + 15. Determine u(-7).
1
Let h(f) = -f**2 - 7. Give h(8).
-71
Let c(u) = -u**3 + 3*u**2 + 11*u - 5. Calculate c(6).
-47
Let w(f) = -f**3 - 3*f**2 + 3. Give w(-3).
3
Let v(y) = 2*y**2 - 3*y - 1. Give v(3).
8
Let f(k) = -k**3 + 6*k**2 + 3*k - 11. Determine f(6).
7
Let s(h) = 2*h - 1. What is s(-5)?
-11
Let c(q) = q**2 + 10*q + 16. Determine c(-11).
27
Let o(a) = 3*a**3 + a**2 + 3*a + 1. Calculate o(-2).
-25
Let v(n) = 2*n**3 - 25*n**2 + 66*n + 4. Determine v(4).
-4
Let o(p) = -7*p + 5. Give o(2).
-9
Let k(b) = -b**2 + 8*b - 14. Calculate k(6).
-2
Let h(k) = 3*k**2 - 7*k - 6. Determine h(-1).
4
Let r(l) = -2*l - 20. Give r(-12).
4
Let m(q) = -q**3 + 10*q**2 - 8*q + 9. Determine m(9).
18
Let h(u) = u**2 - 9*u. Determine h(8).
-8
Let b(t) = t**3 - 5*t**2 - 7*t + 15. Give b(5).
-20
Let y(d) = -2*d**2 + 18*d - 77. Determine y(11).
-121
Let j(d) = -5*d - 9. Give j(-3).
6
Let w(s) = 4*s**2 + 7*s - 6. Determine w(-6).
96
Let l(c) = 9*c + 4. Determine l(-3).
-23
Let w(g) = -g**3 - 16*g**2 - 20. What is w(-16)?
-20
Let m(j) = 7*j + 19. What is m(2)?
33
Let q(c) = -57*c + 2. Determine q(1).
-55
Let d(r) = 2*r**3 - 18*r**2 + 13*r + 30. Calculate d(8).
6
Let s(x) = -x**3 - 2*x**2 - 2*x - 10. Give s(0).
-10
Let a(i) = -i**2 + i + 17. What is a(8)?
-39
Let j(q) = -11*q**3 - 5*q**2 - q + 1. Give j(-1).
8
Let h(y) = y**2 - 80*y - 18. Give h(0).
-18
Let u(n) = n**3 + 6*n**2 + 2*n - 15. Give u(-5).
0
Let g(c) = 9*c + 138. What is g(-15)?
3
Let n(c) = -c - 2. Determine n(-12).
10
Let r(p) = p**3 + 19*p**2 + 19*p + 24. What is r(-18)?
6
Let q(x) = -x**2 + 12*x + 36. What is q(13)?
23
Let b(y) = -6*y + 118. What is b(24)?
-26
Let h(f) = f**2 + 11*f - 9. Calculate h(-9).
-27
Let q(x) = -x**3 - x - 1. Determine q(0).
-1
Let w(y) = 4*y + 11. Determine w(-11).
-33
Let b(l) = -l**3 + 11*l**2 + 26*l - 12. What is b(13)?
-12
Let b(c) = -c**2 - 12*c + 5. What is b(-12)?
5
Let g(o) = -o**2 - 9*o - 9. Determine g(-9).
-9
Let t(u) = -23*u - 438. What is t(-19)?
-1
Let a(p) = -p**2 + 10*p + 46. Determine a(-6).
-50
Let i(y) = y**3 + 2*y**2 - 4*y + 7. Give i(-3).
10
Let m(l) = 5*l**2. What is m(-1)?
5
Let p(k) = 6*k**2 - k. What is p(3)?
51
Let h(g) = g**3 - 25*g**2 - 24*g - 56. Determine h(26).
-4
Let h(t) = 2*t**2 + 10*t + 4. Give h(-8).
52
Let w(f) = -f**2 + 12*f - 46. Give w(11).
-35
Let n(h) = h**3 - 27*h**2 - 27*h - 24. Calculate n(28).
4
Let f(n) = n**3 + 10*n**2 + 3*n - 4. Determine f(-9).
50
Let o(s) = -s**3 + 3*s**2 - 3*s - 2. What is o(4)?
-30
Let v(o) = 21*o + 142. What is v(-7)?
-5
Let a(s) = 28*s + 109. Give a(-4).
-3
Let a(u) = -3*u**3 + 43*u**2 - 14*u. Determine a(14).
0
Let j(y) = -2*y + 18. Give j(7).
4
Let k(n) = -14*n - 62. What is k(-5)?
8
Let p(b) = 4*b + 29. What is p(-6)?
5
Let t(d) = 14*d - 127. What is t(19)?
139
Let w(z) = 12*z - 70. What is w(9)?
38
Let l(i) = -i**3 - 15*i**2 + 34*i - 1. Give l(-17).
-1
Let b(r) = -3*r**2 + 5*r + 3. Give b(-4).
-65
Let k(x) = -x + 6. Determine k(14).
-8
Let j(q) = q**2 + 16*q + 6. Calculate j(-16).
6
Let l(u) = u**3 + 7*u**2 + 10*u + 7. What is l(-5)?
7
Let n(l) = l**3 - 5*l**2 - 22*l - 19. Calculate n(8).
-3
Let j(g) = -11*g + 30. What is j(4)?
-14
Let f(d) = -3*d**2 + 25*d - 2. Determine f(9).
-20
Let k(s) = s**3 - 7*s**2 - 2*s + 6. What is k(7)?
-8
Let f(n) = n**2 + 3*n. What is f(-6)?
18
Let d(a) = -a**3 - 17*a**2 + 17*a - 7. Give d(-18).
11
Let p(u) = -u**3 + 5*u**2 - 4*u - 3. Determine p(4).
-3
Let k(p) = 7*p**3 - 58*p**2 + 15*p + 4. Give k(8).
-4
Let a(c) = c**2 - 14*c + 30. What is a(10)?
-10
Let v(g) = 8*g - 14. Determine v(6).
34
Let y(u) = 13*u - 68. Determine y(5).
-3
Let d(r) = -r**2 - 12*r - 30. Determine d(-5).
5
Let u(w) = 2*w**3 - 17*w**2 - 10*w - 17. Give u(9).
-26
Let z(l) = l**3 + 4*l**2 + l + 8. What is z(-5)?
-22
Let n(f) = f**3 + 4*f**2 - 34*f + 19. Determine n(-8).
35
Let a(c) = -7*c**2 + 2*c - 3. Calculate a(1).
-8
Let g(t) = t - 11. Calculate g(22).
11
Let k(f) = 2*f**3 - f - 3. Give k(-2).
-17
Let h(s) = 3*s**2 + 41. Determine h(0).
41
Let m(y) = y**3 + 5*y**2 - 6*y + 6. Give m(-6).
6
Let s(j) = 2*j**2 - 4*j - 3. Give s(-2).
13
Let q(z) = 10*z**3 + 4*z**2 - 4*z - 1. Determine q(2).
87
Let p(n) = -14*n + 3. Determine p(-2).
31
Let t(r) = -15*r**3 - r**2 - 2*r + 2. Determine t(1).
-16
Let r(k) = -k**3 + 2*k**2 - k - 3. Give r(-2).
15
Let i(q) = 10*q**2 + q + 3. Determine i(2).
45
Let c(r) = 2*r**2 + 14*r + 6. Calculate c(-6).
-6
Let z(y) = -7*y**2 - 7*y + 1. What is z(-4)?
-83
Let b(l) = -l**3 - 7*l**2 + 14*l + 19. Determine b(-9).
55
Let q(x) = x**2 - 29*x + 134. Determine q(24).
14
Let z(y) = y**2 - 11*y + 2. Give z(10).
-8
Let f(w) = w**2 - 11*w - 15. What is f(9)?
-33
Let h(o) = -3*o**2 - o - 22. What is h(-5)?
-92
Let a(t) = 3*t**2 - 3*t - 2. Determine a(-1).
4
Let s(b) = -b**3 - 11*b**2 + 23*b - 50. Give s(-13).
-11
Let u(n) = -n**3 - 2*n**2 + 7*n - 1. What is u(-5)?
39
Let l(h) = h**3 + h**2 - h + 7. Determine l(0).
7
Let k(d) = -d**2 - 7*d + 7. Determine k(-8).
-1
Let b(j) = j**2 - 19*j + 45. Calculate b(17).
11
Let u(w) = -17*w + 79. What is u(9)?
-74
Let o(a) = a**2 + 35*a + 276. What is o(-25)?
26
Let d(s) = s**2 + 11*s + 10. Determine d(-9).
-8
Let z(y) = 47*y**2 - 8*y + 4. Calculate z(2).
176
Let f(g) = -g**3 - 4*g**2 + 7*g + 1. Give f(-5).
-9
Let k(x) = -3*x + 9. Give k(4).
-3
Let a(t) = t**2 - 5*t - 10. Give a(8).
14
Let d(v) = 5*v**3 + 25*v**2 + 4. Give d(-5).
4
Let j(g) = g**2 - 7*g - 1. Calculate j(8).
7
Let a(n) = -6*n - 68. Calculate a(-10).
-8
Let q(s) = -2*s**3 - s**2 + s - 1. Determine q(-2).
9
Let g(m) = -3*m**3 - 2*m**2 + 2*m - 21. Calculate g(0).
-21
Let j(s) = 13*s + 3. Calculate j(-1).
-10
Let v(h) = 2*h + 16. Calculate v(-6).
4
Let f(p) = 2*p - 27. Calculate f(15).
3
Let n(i) = i**2 + 5*i + 2. Determine n(-5).
2
Let o(b) = 146*b - 2775. Calculate o(19).
-1
Let v(m) = -2*m**3 - 70*m**2 - 69*m - 41. What is v(-34)?
-7
Let o(l) = l**3 + 5*l**2 + 10*l + 2. What is o(-2)?
-6
Let c(o) = -o**3 - 7*o**2 - 5*o + 6. Give c(-6).
0
Let t(y) = -y**2 - 17*y + 2. Give t(-15).
32
Let h(j) = -6*j**2 + 65*j - 50. Determine h(10).
0
Let f(y) = -y**2 + y - 1. Determine f(1).
-1
Let s(h) = h**2 + 17*h + 1. Calculate s(-17).
1
Let m(v) = -v - 21. Give m(-15).
-6
Let l(v) = -2*v**3 - 14*v**2 + v + 1. Give l(-7).
-6
Let s(z) = z**2 + 3*z - 2. Calculate s(-7).
26
Let f(l) = -23*l + 58. Determine f(3).
-11
Let x(j) = 2*j - 2. Calculate x(-5).
-12
Let g(w) = -2*w**3 - 28*w**2 + w + 5. What is g(